ase 6) to base 5
24
What is -3 (base 9) in base 13?
-3
Convert -4 (base 13) to base 10.
-4
-4 (base 10) to base 14
-4
What is -111 (base 2) in base 10?
-7
-26 (base 11) to base 5
-103
What is 2 (base 15) in base 9?
2
Convert 5 (base 6) to base 11.
5
Convert -2 (base 11) to base 10.
-2
What is -34 (base 12) in base 9?
-44
What is 212 (base 7) in base 2?
1101011
14 (base 14) to base 11
17
Convert 30 (base 4) to base 7.
15
72 (base 14) to base 2
1100100
Convert 75 (base 12) to base 2.
1011001
What is 103 (base 9) in base 6?
220
Convert 1 (base 14) to base 10.
1
-131 (base 6) to base 13
-43
Convert -20 (base 4) to base 9.
-8
What is -224 (base 5) in base 8?
-100
What is -2 (base 16) in base 5?
-2
What is -16 (base 11) in base 2?
-10001
18 (base 14) to base 4
112
-16 (base 11) to base 16
-11
Convert -11a (base 11) to base 12.
-ba
Convert 13 (base 8) to base 13.
b
-11 (base 14) to base 12
-13
What is -2 (base 15) in base 6?
-2
What is 0 (base 14) in base 15?
0
What is -25 (base 16) in base 14?
-29
Convert 0 (base 14) to base 9.
0
What is -6 (base 10) in base 8?
-6
What is -50 (base 14) in base 2?
-1000110
16 (base 7) to base 6
21
What is d (base 16) in base 8?
15
What is 40 (base 14) in base 5?
211
What is -4 (base 12) in base 4?
-10
Convert -2 (base 8) to base 4.
-2
Convert -23 (base 14) to base 2.
-11111
Convert 10000011 (base 2) to base 11.
10a
2 (base 16) to base 3
2
What is 1 (base 10) in base 7?
1
What is 1 (base 10) in base 9?
1
Convert 1 (base 3) to base 14.
1
Convert -110 (base 8) to base 5.
-242
Convert 1111011 (base 2) to base 13.
96
Convert 2 (base 13) to base 3.
2
What is -3 (base 15) in base 4?
-3
-20 (base 6) to base 5
-22
What is 13 (base 9) in base 15?
c
What is -2 (base 14) in base 10?
-2
24 (base 13) to base 11
28
Convert -6a (base 15) to base 7.
-202
What is -d0 (base 16) in base 3?
-21201
What is -18 (base 14) in base 9?
-24
Convert 2 (base 5) to base 13.
2
What is 4 (base 5) in base 4?
10
Convert -a (base 15) to base 2.
-1010
Convert -ab (base 16) to base 13.
-102
What is 1002 (base 3) in base 13?
23
1 (base 7) to base 14
1
Convert 0 (base 11) to base 6.
0
0 (base 9) to base 5
0
What is -146 (base 9) in base 14?
-8b
What is 2 (base 11) in base 2?
10
56 (base 12) to base 16
42
Convert -5b (base 12) to base 5.
-241
-41 (base 14) to base 5
-212
-62 (base 14) to base 13
-68
What is 14 (base 11) in base 8?
17
Convert -1 (base 3) to base 16.
-1
Convert -b (base 16) to base 10.
-11
Convert 12 (base 9) to base 6.
15
What is -14 (base 5) in base 12?
-9
What is 6 (base 14) in base 15?
6
Convert 55 (base 7) to base 8.
50
Convert -60 (base 10) to base 8.
-74
Convert 210 (base 11) to base 3.
100101
What is 40 (base 13) in base 4?
310
What is 7 (base 14) in base 2?
111
Convert 2 (base 11) to base 9.
2
What is 106 (base 10) in base 7?
211
0 (base 2) to base 9
0
-10 (base 9) to base 12
-9
304 (base 8) to base 14
100
What is 6 (base 15) in base 5?
11
Convert 1 (base 14) to base 2.
1
3 (base 4) to base 11
3
11110 (base 2) to base 4
132
Convert 11 (base 12) to base 13.
10
What is 2 (base 15) in base 16?
2
What is 80 (base 11) in base 8?
130
-2 (base 12) to base 16
-2
Convert 245 (base 7) to base 3.
11212
-120 (base 6) to base 8
-60
What is 1 (base 2) in base 7?
1
-50 (base 12) to base 4
-330
What is -5 (base 11) in base 13?
-5
What is 25 (base 12) in base 14?
21
What is -11000 (base 3) in base 15?
-73
Convert -2 (base 12) to base 9.
-2
83 (base 15) to base 7
234
What is 437 (base 8) in base 3?
101122
Convert -11 (base 6) to base 15.
-7
Convert 3c (base 14) to base 7.
105
10 (base 7) to base 12
7
-6 (base 14) to base 8
-6
Convert -12 (base 3) to base 6.
-5
What is 3 (base 9) in base 12?
3
-11 (base 7) to base 5
-13
Convert -9 (base 14) to base 3.
-100
Convert 40 (base 7) to base 13.
22
152 (base 7) to base 11
79
Convert 23 (base 4) to base 6.
15
What is -35 (base 16) in base 3?
-1222
32 (base 16) to base 6
122
What is -234 (base 8) in base 14?
-b2
Convert -1 (base 5) to base 9.
-1
-66 (base 8) to base 14
-3c
What is -133 (base 4) in base 11?
-29
9b (base 13) to base 8
200
Convert -3 (base 7) to base 9.
-3
Convert 23 (base 10) to base 7.
32
Convert -231 (base 6) to base 12.
-77
What is 3 (base 5) in base 14?
3
What is 2 (base 16) in base 15?
2
11 (base 2) to base 6
3
Convert 2 (base 7) to base 3.
2
Convert c2 (base 15) to base 7.
350
-12 (base 10) to base 11
-11
Convert ae (base 15) to base 11.
13a
What is 4 (base 8) in base 10?
4
What is -14 (base 5) in base 2?
-1001
What is -116 (base 7) in base 13?
-4a
Convert 7 (base 12) to base 8.
7
What is -df (base 16) in base 13?
-142
Convert -10100 (base 2) to base 11.
-19
What is 2111 (base 3) in base 12?
57
What is 8 (base 9) in base 12?
8
What is 1b (base 12) in base 5?
43
24 (base 8) to base 3
202
-42 (base 5) to base 14
-18
Convert 5 (base 13) to base 3.
12
Convert -271 (base 9) to base 5.
-1401
Convert -21 (base 4) to base 6.
-13
-4 (base 6) to base 4
-10
-245 (base 6) to base 13
-7a
-22 (base 11) to base 4
-120
Convert 1 (base 14) to base 11.
1
113 (base 5) to base 15
23
What is 1 (base 10) in base 9?
1
Convert 34 (base 16) to base 8.
64
-57 (base 15) to base 2
-1010010
What is -48 (base 11) in base 15?
-37
-5 (base 12) to base 4
-11
What is -5 (base 9) in base 10?
-5
What is 58 (base 9) in base 11?
49
What is 4 (base 14) in base 13?
4
2 (base 3) to base 14
2
Convert b (base 16) to base 7.
14
What is -1 (base 7) in base 14?
-1
What is -31 (base 4) in base 8?
-15
-6d (base 14) to base 11
-89
What is -102 (base 3) in base 9?
-12
0 (base 8) to base 5
0
Convert -8 (base 13) to base 5.
-13
Convert 5 (base 16) to base 11.
5
What is c (base 15) in base 10?
12
Convert 3 (base 9) to base 2.
11
What is -a (base 12) in base 16?
-a
Convert 3 (base 5) to base 11.
3
What is 25 (base 9) in base 5?
43
-15 (base 7) to base 12
-10
Convert -49 (base 15) to base 13.
-54
What is -3 (base 8) in base 9?
-3
Convert 11 (base 4) to base 8.
5
What is -2 (base 5) in base 10?
-2
-1 (base 2) to base 6
-1
What is 99 (base 15) in base 13?
b1
What is -2 (base 8) in base 15?
-2
Convert -1 (base 6) to base 13.
-1
What is 10 (base 5) in base 8?
5
-2 (base 10) to base 12
-2
Convert -221 (base 3) to base 7.
-34
What is -51 (base 9) in base 11?
-42
What is -1a (base 14) in base 3?
-220
232 (base 5) to base 11
61
What is 0 (base 12) in base 9?
0
What is -3 (base 10) in base 12?
-3
What is -1 (base 4) in base 3?
-1
Convert 2 (base 3) to base 6.
2
What is -3 (base 15) in base 5?
-3
What is -327 (base 8) in base 7?
-425
What is 4 (base 5) in base 15?
4
What is -1 (base 6) in base 3?
-1
-1112 (base 3) to base 14
-2d
-3 (base 5) to base 12
-3
-2 (base 8) to base 7
-2
Convert 134 (base 10) to base 6.
342
-201 (base 3) to base 9
-21
What is 3 (base 16) in base 9?
3
What is -7 (base 14) in base 3?
-21
Convert -14 (base 7) to base 5.
-21
6 (base 13) to base 15
6
Convert -16 (base 11) to base 9.
-18
-19 (base 16) to base 4
-121
Convert 192 (base 13) to base 10.
288
Convert 33 (base 5) to base 16.
12
Convert 12 (base 4) to base 5.
11
65 (base 15) to base 6
235
What is -226 (base 7) in base 9?
-141
Convert -177 (base 9) to base 10.
-151
What is -1 (base 5) in base 10?
-1
Convert 1 (base 8) to base 10.
1
-10 (base 3) to base 4
-3
Convert -1 (base 5) to base 15.
-1
Convert 277 (base 9) to base 5.
1412
Convert 245 (base 8) to base 9.
203
3 (base 14) to base 15
3
What is -111 (base 6) in base 11?
-3a
What is 3 (base 8) in base 6?
3
What is 22 (base 4) in base 7?
13
Convert -8 (base 9) to base 6.
-12
Convert -163 (base 8) to base 4.
-1303
What is -2 (base 8) in base 10?
-2
33 (base 11) to base 12
30
322 (base 6) to base 13
95
What is 0 (base 7) in base 3?
0
What is 1010 (base 2) in base 5?
20
-48 (base 13) to base 16
-3c
What is -1 (base 13) in base 9?
-1
What is 21 (base 8) in base 12?
15
What is 2 (base 10) in base 7?
2
Convert 1000 (base 2) to base 8.
10
-20 (base 16) to base 9
-35
Convert -13 (base 8) to base 11.
-10
Convert 8 (base 16) to base 14.
8
-11 (base 10) to base 4
-23
What is -31 (base 4) in base 16?
-d
21 (base 6) to base 15
d
8 (base 9) to base 2
1000
-1a (base 16) to base 7
-35
Convert 1201 (base 3) to base 9.
51
Convert -9c (base 13) to base 5.
-1004
What is 25 (base 7) in base 9?
21
320 (base 6) to base 16
78
2121 (base 3) to base 